{"id":4269,"date":"2023-01-24T18:12:21","date_gmt":"2023-01-24T18:12:21","guid":{"rendered":"https:\/\/ton.connectingminds.net\/product\/ti-raleigh-mcgregor-regenboogtrui\/"},"modified":"2026-02-17T12:32:57","modified_gmt":"2026-02-17T11:32:57","slug":"camiseta-arcoiris-de-ti-raleigh-mcgregor","status":"publish","type":"product","link":"https:\/\/vintagecycling.store\/es\/retro-wielershirt\/ti-raleigh-mcgregor-regenboogtrui\/","title":{"rendered":"CAMISETA TI-RALEIGH (e)-McGREGOR CAMPE\u00d3N DEL MUNDO DE CICLISMO 1979"},"content":{"rendered":"<p>En 1978, Gerrie Knetemann se convirti\u00f3 en campe\u00f3n del mundo en Nurnburgring, en 1979 Jan Raas se convirti\u00f3 en campe\u00f3n del mundo en Valkenburg.<\/p>\n<p>As\u00ed que ambos montaron con esta camiseta en 1979.<\/p>","protected":false},"excerpt":{"rendered":"<p>En 1978, Gerrie Knetemann se convirti\u00f3 en campe\u00f3n del mundo en Nurnburgring, en 1979 Jan Raas se convirti\u00f3 en campe\u00f3n del mundo en Valkenburg. As\u00ed que ambos montaron con esta camiseta en 1979.<\/p>","protected":false},"featured_media":4268,"template":"","meta":[],"product_brand":[],"product_cat":[151],"product_tag":[],"class_list":{"0":"post-4269","1":"product","2":"type-product","3":"status-publish","4":"has-post-thumbnail","6":"product_cat-pro-team","8":"first","9":"onbackorder","10":"taxable","11":"shipping-taxable","12":"purchasable","13":"product-type-variable"},"yoast_head":"<!-- This site is optimized with the Yoast SEO plugin v27.5 - https:\/\/yoast.com\/product\/yoast-seo-wordpress\/ -->\n<title>TI-RALEIGH (e)-McGREGOR   1979  WERELDKAMPIOEN  WIELERSHIRT - Vintage Cycling Store<\/title>\n<meta name=\"robots\" content=\"index, follow, max-snippet:-1, max-image-preview:large, max-video-preview:-1\" \/>\n<link rel=\"canonical\" href=\"https:\/\/mail.ton.connectingminds.net\/en\/retro-cycling-jersey\/ti-raleigh-mcgregor-rainbow-jersey\/\" \/>\n<meta property=\"og:locale\" content=\"es_ES\" \/>\n<meta property=\"og:type\" content=\"article\" \/>\n<meta property=\"og:title\" content=\"TI-RALEIGH (e)-McGREGOR   1979  WERELDKAMPIOEN  WIELERSHIRT - Vintage Cycling Store\" \/>\n<meta property=\"og:description\" content=\"In 1978 werd Gerrie Knetemann op de Nurnburgring Wereldkampioen, in 1979 werd Jan Raas in Valkenburg wereldkampioen. Beide reden dus in 1979 in deze trui.\" \/>\n<meta property=\"og:url\" content=\"https:\/\/mail.ton.connectingminds.net\/en\/retro-cycling-jersey\/ti-raleigh-mcgregor-rainbow-jersey\/\" \/>\n<meta property=\"og:site_name\" content=\"Vintage Cycling Store\" \/>\n<meta property=\"article:modified_time\" content=\"2026-02-17T11:32:57+00:00\" \/>\n<meta property=\"og:image\" content=\"https:\/\/mail.ton.connectingminds.net\/wp-content\/uploads\/2023\/01\/SSA42750.jpg\" \/>\n\t<meta property=\"og:image:width\" content=\"1704\" \/>\n\t<meta property=\"og:image:height\" content=\"2272\" \/>\n\t<meta property=\"og:image:type\" content=\"image\/jpeg\" \/>\n<meta name=\"twitter:card\" content=\"summary_large_image\" \/>\n<meta name=\"twitter:label1\" content=\"Tiempo de lectura\" \/>\n\t<meta name=\"twitter:data1\" content=\"1 minuto\" \/>\n<script type=\"application\/ld+json\" class=\"yoast-schema-graph\">{\"@context\":\"https:\\\/\\\/schema.org\",\"@graph\":[{\"@type\":\"WebPage\",\"@id\":\"https:\\\/\\\/mail.ton.connectingminds.net\\\/en\\\/retro-cycling-jersey\\\/ti-raleigh-mcgregor-rainbow-jersey\\\/\",\"url\":\"https:\\\/\\\/mail.ton.connectingminds.net\\\/en\\\/retro-cycling-jersey\\\/ti-raleigh-mcgregor-rainbow-jersey\\\/\",\"name\":\"TI-RALEIGH (e)-McGREGOR 1979 WERELDKAMPIOEN WIELERSHIRT - Vintage Cycling Store\",\"isPartOf\":{\"@id\":\"https:\\\/\\\/www.tonmerckxwielershirts.nl\\\/es\\\/#website\"},\"primaryImageOfPage\":{\"@id\":\"https:\\\/\\\/mail.ton.connectingminds.net\\\/en\\\/retro-cycling-jersey\\\/ti-raleigh-mcgregor-rainbow-jersey\\\/#primaryimage\"},\"image\":{\"@id\":\"https:\\\/\\\/mail.ton.connectingminds.net\\\/en\\\/retro-cycling-jersey\\\/ti-raleigh-mcgregor-rainbow-jersey\\\/#primaryimage\"},\"thumbnailUrl\":\"https:\\\/\\\/vintagecycling.store\\\/wp-content\\\/uploads\\\/2023\\\/01\\\/SSA42750.jpg\",\"datePublished\":\"2023-01-24T18:12:21+00:00\",\"dateModified\":\"2026-02-17T11:32:57+00:00\",\"breadcrumb\":{\"@id\":\"https:\\\/\\\/mail.ton.connectingminds.net\\\/en\\\/retro-cycling-jersey\\\/ti-raleigh-mcgregor-rainbow-jersey\\\/#breadcrumb\"},\"inLanguage\":\"es\",\"potentialAction\":[{\"@type\":\"ReadAction\",\"target\":[\"https:\\\/\\\/mail.ton.connectingminds.net\\\/en\\\/retro-cycling-jersey\\\/ti-raleigh-mcgregor-rainbow-jersey\\\/\"]}]},{\"@type\":\"ImageObject\",\"inLanguage\":\"es\",\"@id\":\"https:\\\/\\\/mail.ton.connectingminds.net\\\/en\\\/retro-cycling-jersey\\\/ti-raleigh-mcgregor-rainbow-jersey\\\/#primaryimage\",\"url\":\"https:\\\/\\\/vintagecycling.store\\\/wp-content\\\/uploads\\\/2023\\\/01\\\/SSA42750.jpg\",\"contentUrl\":\"https:\\\/\\\/vintagecycling.store\\\/wp-content\\\/uploads\\\/2023\\\/01\\\/SSA42750.jpg\",\"width\":1704,\"height\":2272},{\"@type\":\"BreadcrumbList\",\"@id\":\"https:\\\/\\\/mail.ton.connectingminds.net\\\/en\\\/retro-cycling-jersey\\\/ti-raleigh-mcgregor-rainbow-jersey\\\/#breadcrumb\",\"itemListElement\":[{\"@type\":\"ListItem\",\"position\":1,\"name\":\"Home\",\"item\":\"https:\\\/\\\/www.tonmerckxwielershirts.nl\\\/es\\\/\"},{\"@type\":\"ListItem\",\"position\":2,\"name\":\"Retro wielershirts\",\"item\":\"https:\\\/\\\/www.tonmerckxwielershirts.nl\\\/es\\\/camisetas-de-ciclismo-retro\\\/\"},{\"@type\":\"ListItem\",\"position\":3,\"name\":\"TI-RALEIGH (e)-McGREGOR 1979 WERELDKAMPIOEN WIELERSHIRT\"}]},{\"@type\":\"WebSite\",\"@id\":\"https:\\\/\\\/www.tonmerckxwielershirts.nl\\\/es\\\/#website\",\"url\":\"https:\\\/\\\/www.tonmerckxwielershirts.nl\\\/es\\\/\",\"name\":\"Vintage Cycling Store\",\"description\":\"thousands of original cycling jerseys - order your replica!\",\"publisher\":{\"@id\":\"https:\\\/\\\/www.tonmerckxwielershirts.nl\\\/es\\\/#organization\"},\"potentialAction\":[{\"@type\":\"SearchAction\",\"target\":{\"@type\":\"EntryPoint\",\"urlTemplate\":\"https:\\\/\\\/www.tonmerckxwielershirts.nl\\\/es\\\/?s={search_term_string}\"},\"query-input\":{\"@type\":\"PropertyValueSpecification\",\"valueRequired\":true,\"valueName\":\"search_term_string\"}}],\"inLanguage\":\"es\"},{\"@type\":\"Organization\",\"@id\":\"https:\\\/\\\/www.tonmerckxwielershirts.nl\\\/es\\\/#organization\",\"name\":\"Vintage Cycling Store\",\"url\":\"https:\\\/\\\/www.tonmerckxwielershirts.nl\\\/es\\\/\",\"logo\":{\"@type\":\"ImageObject\",\"inLanguage\":\"es\",\"@id\":\"https:\\\/\\\/www.tonmerckxwielershirts.nl\\\/es\\\/#\\\/schema\\\/logo\\\/image\\\/\",\"url\":\"https:\\\/\\\/vintagecycling.store\\\/wp-content\\\/uploads\\\/2023\\\/03\\\/ton-merckx-logo.jpg\",\"contentUrl\":\"https:\\\/\\\/vintagecycling.store\\\/wp-content\\\/uploads\\\/2023\\\/03\\\/ton-merckx-logo.jpg\",\"width\":391,\"height\":57,\"caption\":\"Vintage Cycling Store\"},\"image\":{\"@id\":\"https:\\\/\\\/www.tonmerckxwielershirts.nl\\\/es\\\/#\\\/schema\\\/logo\\\/image\\\/\"}}]}<\/script>\n<!-- \/ Yoast SEO plugin. -->","yoast_head_json":{"title":"CAMISETA TI-RALEIGH (e)-McGREGOR CAMPE\u00d3N DEL MUNDO DE CICLISMO 1979 - Vintage Cycling Store","robots":{"index":"index","follow":"follow","max-snippet":"max-snippet:-1","max-image-preview":"max-image-preview:large","max-video-preview":"max-video-preview:-1"},"canonical":"https:\/\/mail.ton.connectingminds.net\/en\/retro-cycling-jersey\/ti-raleigh-mcgregor-rainbow-jersey\/","og_locale":"es_ES","og_type":"article","og_title":"TI-RALEIGH (e)-McGREGOR   1979  WERELDKAMPIOEN  WIELERSHIRT - Vintage Cycling Store","og_description":"In 1978 werd Gerrie Knetemann op de Nurnburgring Wereldkampioen, in 1979 werd Jan Raas in Valkenburg wereldkampioen. Beide reden dus in 1979 in deze trui.","og_url":"https:\/\/mail.ton.connectingminds.net\/en\/retro-cycling-jersey\/ti-raleigh-mcgregor-rainbow-jersey\/","og_site_name":"Vintage Cycling Store","article_modified_time":"2026-02-17T11:32:57+00:00","og_image":[{"width":1704,"height":2272,"url":"https:\/\/mail.ton.connectingminds.net\/wp-content\/uploads\/2023\/01\/SSA42750.jpg","type":"image\/jpeg"}],"twitter_card":"summary_large_image","twitter_misc":{"Tiempo de lectura":"1 minuto"},"schema":{"@context":"https:\/\/schema.org","@graph":[{"@type":"WebPage","@id":"https:\/\/mail.ton.connectingminds.net\/en\/retro-cycling-jersey\/ti-raleigh-mcgregor-rainbow-jersey\/","url":"https:\/\/mail.ton.connectingminds.net\/en\/retro-cycling-jersey\/ti-raleigh-mcgregor-rainbow-jersey\/","name":"CAMISETA TI-RALEIGH (e)-McGREGOR CAMPE\u00d3N DEL MUNDO DE CICLISMO 1979 - Vintage Cycling Store","isPartOf":{"@id":"https:\/\/www.tonmerckxwielershirts.nl\/es\/#website"},"primaryImageOfPage":{"@id":"https:\/\/mail.ton.connectingminds.net\/en\/retro-cycling-jersey\/ti-raleigh-mcgregor-rainbow-jersey\/#primaryimage"},"image":{"@id":"https:\/\/mail.ton.connectingminds.net\/en\/retro-cycling-jersey\/ti-raleigh-mcgregor-rainbow-jersey\/#primaryimage"},"thumbnailUrl":"https:\/\/vintagecycling.store\/wp-content\/uploads\/2023\/01\/SSA42750.jpg","datePublished":"2023-01-24T18:12:21+00:00","dateModified":"2026-02-17T11:32:57+00:00","breadcrumb":{"@id":"https:\/\/mail.ton.connectingminds.net\/en\/retro-cycling-jersey\/ti-raleigh-mcgregor-rainbow-jersey\/#breadcrumb"},"inLanguage":"es","potentialAction":[{"@type":"ReadAction","target":["https:\/\/mail.ton.connectingminds.net\/en\/retro-cycling-jersey\/ti-raleigh-mcgregor-rainbow-jersey\/"]}]},{"@type":"ImageObject","inLanguage":"es","@id":"https:\/\/mail.ton.connectingminds.net\/en\/retro-cycling-jersey\/ti-raleigh-mcgregor-rainbow-jersey\/#primaryimage","url":"https:\/\/vintagecycling.store\/wp-content\/uploads\/2023\/01\/SSA42750.jpg","contentUrl":"https:\/\/vintagecycling.store\/wp-content\/uploads\/2023\/01\/SSA42750.jpg","width":1704,"height":2272},{"@type":"BreadcrumbList","@id":"https:\/\/mail.ton.connectingminds.net\/en\/retro-cycling-jersey\/ti-raleigh-mcgregor-rainbow-jersey\/#breadcrumb","itemListElement":[{"@type":"ListItem","position":1,"name":"Home","item":"https:\/\/www.tonmerckxwielershirts.nl\/es\/"},{"@type":"ListItem","position":2,"name":"Retro wielershirts","item":"https:\/\/www.tonmerckxwielershirts.nl\/es\/camisetas-de-ciclismo-retro\/"},{"@type":"ListItem","position":3,"name":"TI-RALEIGH (e)-McGREGOR 1979 WERELDKAMPIOEN WIELERSHIRT"}]},{"@type":"WebSite","@id":"https:\/\/www.tonmerckxwielershirts.nl\/es\/#website","url":"https:\/\/www.tonmerckxwielershirts.nl\/es\/","name":"Tienda de ciclismo vintage","description":"miles de maillots ciclistas originales - \u00a1pide tu r\u00e9plica!","publisher":{"@id":"https:\/\/www.tonmerckxwielershirts.nl\/es\/#organization"},"potentialAction":[{"@type":"SearchAction","target":{"@type":"EntryPoint","urlTemplate":"https:\/\/www.tonmerckxwielershirts.nl\/es\/?s={search_term_string}"},"query-input":{"@type":"PropertyValueSpecification","valueRequired":true,"valueName":"search_term_string"}}],"inLanguage":"es"},{"@type":"Organization","@id":"https:\/\/www.tonmerckxwielershirts.nl\/es\/#organization","name":"Tienda de ciclismo vintage","url":"https:\/\/www.tonmerckxwielershirts.nl\/es\/","logo":{"@type":"ImageObject","inLanguage":"es","@id":"https:\/\/www.tonmerckxwielershirts.nl\/es\/#\/schema\/logo\/image\/","url":"https:\/\/vintagecycling.store\/wp-content\/uploads\/2023\/03\/ton-merckx-logo.jpg","contentUrl":"https:\/\/vintagecycling.store\/wp-content\/uploads\/2023\/03\/ton-merckx-logo.jpg","width":391,"height":57,"caption":"Vintage Cycling Store"},"image":{"@id":"https:\/\/www.tonmerckxwielershirts.nl\/es\/#\/schema\/logo\/image\/"}}]}},"_links":{"self":[{"href":"https:\/\/vintagecycling.store\/es\/wp-json\/wp\/v2\/product\/4269","targetHints":{"allow":["GET"]}}],"collection":[{"href":"https:\/\/vintagecycling.store\/es\/wp-json\/wp\/v2\/product"}],"about":[{"href":"https:\/\/vintagecycling.store\/es\/wp-json\/wp\/v2\/types\/product"}],"wp:featuredmedia":[{"embeddable":true,"href":"https:\/\/vintagecycling.store\/es\/wp-json\/wp\/v2\/media\/4268"}],"wp:attachment":[{"href":"https:\/\/vintagecycling.store\/es\/wp-json\/wp\/v2\/media?parent=4269"}],"wp:term":[{"taxonomy":"product_brand","embeddable":true,"href":"https:\/\/vintagecycling.store\/es\/wp-json\/wp\/v2\/product_brand?post=4269"},{"taxonomy":"product_cat","embeddable":true,"href":"https:\/\/vintagecycling.store\/es\/wp-json\/wp\/v2\/product_cat?post=4269"},{"taxonomy":"product_tag","embeddable":true,"href":"https:\/\/vintagecycling.store\/es\/wp-json\/wp\/v2\/product_tag?post=4269"}],"curies":[{"name":"gracias","href":"https:\/\/api.w.org\/{rel}","templated":true}]}}

CAMISETA TI-RALEIGH (e)-McGREGOR CAMPEÓN DEL MUNDO DE CICLISMO 1979

<p>En 1978, Gerrie Knetemann se convirtió en campeón del mundo en Nurnburgring, en 1979 Jan Raas se convirtió en campeón del mundo en Valkenburg.</p>
<p>Así que ambos montaron con esta camiseta en 1979.</p>

<p>En 1978, Gerrie Knetemann se convirtió en campeón del mundo en Nurnburgring, en 1979 Jan Raas se convirtió en campeón del mundo en Valkenburg. Así que ambos montaron con esta camiseta en 1979.</p>

CAMISETA TI-RALEIGH (e)-McGREGOR CAMPEÓN DEL MUNDO DE CICLISMO 1979 - Vintage Cycling Store

miles de maillots ciclistas originales - ¡pide tu réplica!
